*z. Let v be 2/1 - (2 + p). Suppose -3*j + 35 - 5 = v. What is the tens digit of j?
1
Let a(d) = 115*d - 36. What is the units digit of a(3)?
9
Suppose -467*u = -445*u - 79398. What is the units digit of u?
9
Let x(i) be the third derivative of i**4/24 - 7*i**3/6 - 4*i**2. Let d be x(10). Suppose d*v + 54 = 6*v. What is the tens digit of v?
1
Let r(z) = -4*z**3 - z**2 - z + 1. Let y(x) = 21*x**3 + 3*x + 3. Let i(q) = -5*r(q) - y(q). Suppose 0 = -3*t + 4*t - 5. What is the units digit of i(t)?
2
Let o = 38 - 8. Let s = o + -13. Let z = -8 + s. What is the units digit of z?
9
Let w be 16/(-10)*20/8. Let b = w - -4. Suppose 2*f + 2*f - 120 = b. What is the units digit of f?
0
Suppose v - s - 3*s + 354 = 0, 0 = -4*v - 5*s - 1311. Let j = 476 + v. What is the tens digit of j?
4
Let b(d) = d**3 + 17 - 6 - 4 - 15*d + 10 + 13*d**2. Let t(u) = u**3 - 6*u**2 + u + 6. Let y be t(5). What is the tens digit of b(y)?
3
Suppose -2477 = -n + 767. What is the thousands digit of n?
3
Let d = -6598 + 9448. What is the tens digit of d?
5
Suppose 10*d - 2*d + 240 = 0. What is the units digit of (-5)/(d/(-36))*(-12)/9?
8
Let g(t) = -2*t**3 - 8*t**2 - 14*t - 50. What is the hundreds digit of g(-10)?
2
Suppose z - 8*z + 63 = 0. Let h(d) = -2*d**3 + 21*d**2 - 19*d + 13. What is the tens digit of h(z)?
8
Suppose -2*d + 2 = -4*d. Let q be d/(-2 - (-36)/20). Suppose 2*i - 74 - 32 = -4*t, 0 = 5*t + q*i - 125. What is the units digit of t?
8
Let h be 36/126 - 177/7. What is the hundreds digit of (74 - 4)*h/(-10)?
1
Suppose -5*x - 150 = -160. Suppose -4*l = -4*r + 512, -x*r - 42 = l - 301. What is the tens digit of r?
2
Let v = -44 - -28. Let o be (5/(-2))/((-2)/v). Let r = 65 + o. What is the units digit of r?
5
Let q(u) = 6*u - 31. Let c(a) = 2*a - 10. Let p(r) = -8*c(r) + 3*q(r). Let v be p(12). Let h = v - -14. What is the tens digit of h?
2
Let b(f) = -f**2 + 19*f - 23. Let v = 12 - 6. Let i = 11 + v. What is the tens digit of b(i)?
1
Let o = 261 + -369. Let s be 14*(-3 + o/(-28)). Let k = 28 + s. What is the tens digit of k?
4
Suppose 3*f - 4 = f. Let j(t) = 8 + 6*t**f + 8*t - 5 + 7 - 5*t**2. What is the tens digit of j(-9)?
1
Let a(w) = -w**3 - 10*w**2 - 3*w - 3. Let n be a(-10). What is the hundreds digit of 15*n*(-6)/(-15)?
1
Suppose 2*u = -q + 53 + 72, 0 = -3*u - q + 188. What is the units digit of u?
3
Let p(s) = -8*s**2 + s - 6. Let b(l) = 9*l**2 - l + 5. Let k(o) = 5*b(o) + 4*p(o). What is the tens digit of k(1)?
1
Let x(l) = -2*l + 11. Let m be x(11). Let o = m + 75. Let t = o - 46. What is the units digit of t?
8
Suppose -63 = 5*f + 37. What is the units digit of (910/f)/(2/(-4))?
1
Suppose 156 = -32*r + 29*r. Let i = r + 61. What is the units digit of i?
9
Let w(i) be the third derivative of -5/12*i**4 - 7/6*i**3 + 0 + 0*i - 4*i**2. What is the units digit of w(-2)?
3
Let q(u) be the third derivative of u**5/20 - u**4 + 7*u**3/6 + 16*u**2. What is the tens digit of q(10)?
6
Let m = 367 + 400. Suppose m = -6*h + 2537. What is the units digit of h?
5
Let u = -172 + 1276. What is the hundreds digit of u?
1
Suppose r + 5647 = 4*o, 5*r + 4534 + 2521 = 5*o. What is the units digit of o?
2
Let q = 694 + -267. What is the tens digit of q?
2
Suppose -4*p + 1864 + 2612 = 0. What is the units digit of p?
9
What is the units digit of (-12)/(-3 + (-171)/(-60))?
0
What is the hundreds digit of (-8113)/(-28) + (-6)/(-24)?
2
Suppose -2388 = -f - 5*x, 22*f - 26*f + 2*x = -9618. What is the thousands digit of f?
2
Suppose -2*f - 3*r = -29, 0 = -f + 5*r + 32 + 15. What is the tens digit of f?
2
Let d(h) = 9*h - 44. Let i(q) = -18*q + 88. Let r(w) = -7*d(w) - 3*i(w). What is the hundreds digit of r(-11)?
1
Let n(k) = -4*k**2 + k**2 - 9*k + k**3 - 3 - k**2. Let i be 20/16 - (855/(-20))/9. What is the units digit of n(i)?
5
Let y be -2 + (-3 - -3) - -3 - 1. What is the units digit of 11/(44/168) - (0 + y)?
2
Let s = -58 + 34. Let v = s + 74. Let z = v - -17. What is the units digit of z?
7
Suppose -8*r = 5 - 29. Suppose y - 5 = 0, r*f - y - 40 = -0*f. What is the units digit of f?
5
Let j be (663/65)/(2/(-10)). Let x = 83 + j. What is the units digit of x?
2
Suppose h = 4, 7*t = 10*t + 3*h - 453. What is the units digit of t?
7
Suppose 2*m + 6798 = 6*l, m - 2265 = -2*l + 2*m. What is the thousands digit of l?
1
Let j be ((-60)/(-16))/(6/16). Let h(u) = -u**2 + 13*u. What is the units digit of h(j)?
0
Suppose -7*b + 32 + 122 = 0. Let g = 38 - b. What is the units digit of g?
6
Let k = 101 + -363. Let c = k - -377. What is the hundreds digit of c?
1
Let r(j) = -j**3 - j**2 - 3*j + 1136. What is the tens digit of r(0)?
3
Suppose 162 = 14*c - 48. What is the units digit of (55/c - 3)*159?
6
Suppose 0 = 8*c - 5*c + 6, 0 = -x + c + 148. What is the hundreds digit of x?
1
Let b(h) be the first derivative of 2*h**3/3 + 15*h**2/2 + 15*h + 10. What is the units digit of b(-10)?
5
Let b = -2 - -2. Suppose b*g - 4*g - x = -435, -3*x + 215 = 2*g. What is the units digit of g?
9
Suppose -3*r - 171*p + 12288 = -168*p, -5*r + 20498 = -4*p. What is the units digit of r?
8
Let d be (10/15)/((-2)/(-9)). Let f(c) = -c**2 + 4*c + 7. Let u be f(5). Suppose -u*h - d*x + 5*x + 26 = 0, 59 = 5*h - 2*x. What is the units digit of h?
1
Suppose -2*x = -5*s - 27 - 0, 45 = 3*x - 3*s. Let n = -11 + x. Suppose -6*w = -5*f - 3*w + 60, n = -w. What is the units digit of f?
9
Suppose 0*p + 6 = -2*p. Let y(t) = 2*t**2 + 3. Let s be y(p). What is the units digit of s + (-2 + 0 - -1)?
0
Let t(w) = -w**2 - 110*w + 7. What is the hundreds digit of t(-38)?
7
Suppose 5*r + 0*r = -3*b + 31, -b = 5*r - 17. Let a = 10 - b. Suppose -3*g - a*x + 85 = g, -3*g + 5*x + 42 = 0. What is the tens digit of g?
1
Suppose 271*m = 262*m + 6057. What is the tens digit of m?
7
Let s = 117 + 45. What is the hundreds digit of s?
1
Let b(k) = k**3 + 3*k**2 - 5*k. Let p be b(-4). What is the tens digit of (2 + (-3)/p)*(7 + 1)?
1
What is the tens digit of (-6 - (-3)/(-6) - -2)*-250?
2
Suppose -o - 3*o = -32. Suppose o*n - 3*n - 735 = 0. What is the hundreds digit of n?
1
Suppose -4*q - q = -20. Suppose i - 3*i - q*o + 126 = 0, 0 = -3*o - 12. What is the units digit of i?
1
Suppose 8*c + 61 = -67. Let o(w) = -w**2 - 18*w - 20. What is the units digit of o(c)?
2
Let r = -648 - -1277. What is the hundreds digit of r?
6
Let y = 653 + -11. What is the tens digit of y?
4
What is the tens digit of (-4 - 0) + (-21 - -24) - -102?
0
Suppose -3*k - l = -0*k - 5322, 4*l - 5331 = -3*k. What is the thousands digit of k?
1
Let x(r) = 12*r**2 - 20*r + 54. What is the hundreds digit of x(20)?
4
Let p be ((-222)/(-8))/(21/56). Suppose -4*m + 4 = 0, 5*h + 2*m - p = h. What is the tens digit of h?
1
Let t = 24 + -18. Suppose -11 = -t*y + 373. Suppose 0 = -2*a - 0*a + y. What is the tens digit of a?
3
Suppose 10 = 2*g - q + 2, -g = q + 2. Let b be (-63)/14 + 3/g. What is the units digit of (-1)/((-2)/6) - b?
6
Let s = -49 + 45. What is the units digit of (1032/(-30))/(s/10)?
6
Let b(w) = 2*w + 12. Let v(n) = 3*n + 1. Let l be v(-3). Let c be b(l). What is the tens digit of c/3*(-1290)/40?
4
Suppose 0 = 10*s - 16 - 24. Suppose s*l + 110 = 854. What is the hundreds digit of l?
1
Let d = -87 - -110. What is the units digit of d?
3
Let r(a) = -a - 7. Let p be r(-9). Suppose g + 10 = 3*g, -t - p*g + 110 = 0. What is the units digit of t?
0
Let s be 2*-10*10/25. Let c be 4/(1*(-4)/s). Let b = 31 - c. What is the units digit of b?
3
Let n(u) = -8 + 4*u - 5*u + 2. Let w be n(-7). Let k = 4 - w. What is the units digit of k?
3
Suppose -3*x + 17043 = 10*x. What is the units digit of x?
1
Suppose -a - 44 = -5*a. Suppose a*j - 6 = 8*j. Suppose -j*r + 58 = -0*r. What is the units digit of r?
9
Let s be ((-234)/4)/((-162)/(-24) + -6). Let c = 27 - s. What is the tens digit of c?
0
Let o(p) = -2*p**2 - 181*p - 20. What is the units digit of o(-61)?
9
Suppose 0 = -14*n + 2 - 72. Let p(s) = 6*s**2 - 2*s - 2. What is the hundreds digit of p(n)?
1
Let y(i) = -i**3 + 8*i**2 + 8. Suppose -9*v + 30 = -3*v. What is the tens digit of y(v)?
8
Suppose -3*h = -0*h - 12. Suppose 0*f - h*f = -48. What is the units digit of f?
2
Suppose -26*o + 10*o + 14560 = 0. What is the units digit of o?
0
Suppose 226*o + 14835 = 249*o. What is the tens digit of o?
4
Let i(b) = 3*b**2 + 27*b - 456. Wha